{"id":28,"date":"2023-06-13T13:01:52","date_gmt":"2023-06-13T16:01:52","guid":{"rendered":"https:\/\/meucolirio.com.br\/area-humana\/?page_id=28"},"modified":"2023-07-31T10:55:14","modified_gmt":"2023-07-31T13:55:14","slug":"quem-somos","status":"publish","type":"page","link":"https:\/\/meucolirio.com.br\/area-humana\/quem-somos\/","title":{"rendered":"Quem Somos"},"content":{"rendered":"\n<p>Fundada em 1983 pelo Prof. Dr. Ac\u00e1cio Alves Souza Lima Filho, a <strong>Eye Pharma<\/strong> (anteriormente denominada Ophthalmos), foi a primeira farm\u00e1cia magistral da Am\u00e9rica Latina especializada, exclusivamente, em formula\u00e7\u00f5es oftalmol\u00f3gicas para doen\u00e7as raras e negligenciadas, ausentes do mercado.<br><br>Formada por uma equipe comprometida e qualificada, atendemos em todo o Brasil, com formula\u00e7\u00f5es est\u00e9reis individualizadas e personalizadas, com r\u00edgidos controles internos de processos e rastreabilidade, de acordo com as boas pr\u00e1ticas e exig\u00eancias legais e sanit\u00e1rias.<br><br>Ao longo de d\u00e9cadas de trabalho,a Eye Pharma participou e colaborou com as principais institui\u00e7\u00f5es de ensino do pa\u00eds, junto a pesquisadores multidisciplinares e m\u00e9dicos, elaborando formula\u00e7\u00f5es utilizadas em mais de uma centena de trabalhos publicados em teses de mestrado, doutorado e livre doc\u00eancia, colaborando com o desenvolvimento da ci\u00eancia brasileira.<br><br>Com investimento cont\u00ednuo em melhorias e tecnologia, o parque tecnol\u00f3gico da Eye Pharma, colaborou no desenvolvimento de diversas formula\u00e7\u00f5es que s\u00e3o refer\u00eancias e utilizadas pelo sistema de sa\u00fade p\u00fablico e privado brasileiro.<br><br>Estamos prontos para atender nossos clientes, sempre prezando pelo nosso conceito: \u201cO medicamento certo, no tempo certo para o paciente certo.\u201d<\/p>\n","protected":false},"excerpt":{"rendered":"<p>Fundada em 1983 pelo Prof. Dr. Ac\u00e1cio Alves Souza Lima Filho, a <span class=\"fw-bold\"> Eye Pharma <\/span> (anteriormente denominada Ophthalmos), foi a primeira farm\u00e1cia magistral da Am\u00e9rica Latina especializada, exclusivamente, em formula\u00e7\u00f5es oftalmol\u00f3gicas para doen\u00e7as raras e negligenciadas, ausentes do mercado.<\/p>\n","protected":false},"author":1,"featured_media":31,"parent":0,"menu_order":0,"comment_status":"closed","ping_status":"closed","template":"template\/quem-somos.php","meta":[],"acf":[],"_links":{"self":[{"href":"https:\/\/meucolirio.com.br\/area-humana\/wp-json\/wp\/v2\/pages\/28"}],"collection":[{"href":"https:\/\/meucolirio.com.br\/area-humana\/wp-json\/wp\/v2\/pages"}],"about":[{"href":"https:\/\/meucolirio.com.br\/area-humana\/wp-json\/wp\/v2\/types\/page"}],"author":[{"embeddable":true,"href":"https:\/\/meucolirio.com.br\/area-humana\/wp-json\/wp\/v2\/users\/1"}],"replies":[{"embeddable":true,"href":"https:\/\/meucolirio.com.br\/area-humana\/wp-json\/wp\/v2\/comments?post=28"}],"version-history":[{"count":9,"href":"https:\/\/meucolirio.com.br\/area-humana\/wp-json\/wp\/v2\/pages\/28\/revisions"}],"predecessor-version":[{"id":74,"href":"https:\/\/meucolirio.com.br\/area-humana\/wp-json\/wp\/v2\/pages\/28\/revisions\/74"}],"wp:featuredmedia":[{"embeddable":true,"href":"https:\/\/meucolirio.com.br\/area-humana\/wp-json\/wp\/v2\/media\/31"}],"wp:attachment":[{"href":"https:\/\/meucolirio.com.br\/area-humana\/wp-json\/wp\/v2\/media?parent=28"}],"curies":[{"name":"wp","href":"https:\/\/api.w.org\/{rel}","templated":true}]}}